 c + 24*g - 49*g. Suppose -2*m + 25 = -4*n - 7*m, -15 = -n + 3*m. Determine h(n).
-14
Let b(j) = 56*j + 376. Let u = -45546 + 45539. Determine b(u).
-16
Let r(z) = 2*z**3 + 4*z**2 - 5*z. Suppose 0 = -23*l - 85 - 7. Give r(l).
-44
Let p be 114/24 - (-6)/(-8). Let g(z) = -z + 53 + p*z - 50. Give g(-6).
-15
Let a(v) = v**3 + 4*v**2 + v + 11. Let j(p) = -p**2 - 299*p - 3722. Let c be j(-13). Give a(c).
7
Suppose -3491*y = -4*f - 3487*y, 0 = 3*f + 5*y + 16. Let q(u) be the second derivative of -11*u**4/12 - u**3/2 - u**2/2 - u. What is q(f)?
-39
Let q(f) = 7*f**2 + 17*f + 1. Suppose -40 = -24*a + 29*a. Let w(c) = 19*c**2 + 50*c + 4. Let v(p) = a*q(p) + 3*w(p). Determine v(-14).
4
Let t(a) = -459*a - 470*a + 27*a**2 + 929*a - 1. Give t(1).
26
Let a be ((-8)/(-2) - -4) + -1 + -6. Let w(n) be the second derivative of -7*n**4/12 + n**3/2 - n**2/2 - 4*n. Determine w(a).
-5
Let k(s) be the first derivative of s**4/8 - 2*s**3/3 - 3*s**2 - 6*s + 82. Let c(f) be the second derivative of k(f). Determine c(-3).
-13
Let b(r) = -r**3 - 6*r**2 - 5*r - 6. Let s be 3/66 - 3885/770. Give b(s).
-6
Let h = -107 - -109. Suppose 2*q - 4 = 4*b, q = -h*q - b - 1. Let o(f) = f**3 + f**2 + f + 39. Calculate o(q).
39
Suppose 144*l + 93 - 1431 = 102. Let n(m) = -m**2 + 5*m + 62. Determine n(l).
12
Let g(n) = n**3 + 6*n**2 - 6*n - 9. Suppose -5*u + 6*u + 7 = 0. Let o be (0 + 4)*-1*u/(-4). Determine g(o).
-16
Let l(u) = 32*u + 26. Let h(p) be the second derivative of -11*p**3/6 - 9*p**2/2 - 3*p - 3. Let r(c) = -11*h(c) - 4*l(c). Determine r(-4).
23
Let x = -205 - -207. Let h(k) = 2*k + 2*k + 1282*k**x - 1289*k**2 - 1 + k**3. Calculate h(6).
-13
Let o be 2 - 0 - (-5 - -7). Let f(z) = z**3 + 3*z + 1. Let h = 41 - 37. Let j(c) = 3*c**3 + 8*c + 4. Let v(r) = h*j(r) - 11*f(r). What is v(o)?
5
Suppose -3*y = -3*z - 5*y + 23, -35 = -3*z + 4*y. Let j(m) = 11*m**2 + 89*m**3 - 43*m**3 - z*m - 13 - 47*m**3. Give j(10).
-3
Let d(f) be the third derivative of -1/6*f**3 + 1/3*f**4 + 47 + 1/10*f**5 + 0*f + f**2 - 1/120*f**6. Let o = 24 + -17. What is d(o)?
6
Let r(a) = 20*a**2 - 4*a - 17. Let b(q) = 42*q**2 - 7*q - 33. Let z(k) = 4*b(k) - 7*r(k). Let u(c) = -2*c**2 - 2. Let h(v) = -6*u(v) + z(v). Calculate h(1).
39
Let a(i) = -i**3 - 22*i**2 - 20*i + 32. Suppose 2*f + 286 = -6*f + 118. Calculate a(f).
11
Let j(k) = 16 - 68*k - 89 + 16*k - 37 + 27*k. What is j(-5)?
15
Let j(p) = 32*p + 255. Let a be (7400/370)/((-5)/2). Calculate j(a).
-1
Let f(r) = 9*r**2 - 11*r + 9. Let q be 28/(-63) + (-450)/81 - -8. Calculate f(q).
23
Let v(y) = 2*y**3 - 2*y**2 - 2*y - 1. Suppose -2*i = -2*z + 10, 16 = 5*z - 0*i - 2*i. Let m(h) = h + 4 - 2*h + z*h + 0*h. Let g be m(-5). What is v(g)?
-3
Let v(l) = 9 + 1286*l**3 - 28 + 11*l**2 - 2534*l**3 - 4*l + 1249*l**3. Calculate v(-11).
25
Let s(t) = -t**3 + 5*t**2 - 6*t - 2. Let n = 3 + 28. Suppose -n*i + 116 = -2*i. Calculate s(i).
-10
Let f(q) = -7*q - 4*q**2 + 25*q**2 + 8 - 4*q**2 - 5*q**2 + 5. Determine f(2).
47
Let p(a) = a**2 - 8*a + 7. Let v(h) be the first derivative of -3*h**2 - h**2 - 43*h + 0*h**2 + 41 - 33. Let y be v(-6). Calculate p(y).
-8
Let d be (-12478)/(-8) - (-3)/12. Suppose d = 8*t - 4*t. Let n(s) = -t - s**2 + 2*s**2 + 378. Calculate n(0).
-12
Let t(q) = -q**3 - 8*q**2 - 5. Let w(n) = 27*n - 57*n + 38*n. Let s be w(-1). Give t(s).
-5
Let k(b) be the second derivative of 4*b**4/3 + b**3/6 - b**2/2 - 1579*b. What is k(1)?
16
Let j(a) be the first derivative of -a**4/4 - 19*a**3/3 - 8*a**2 + 32*a + 1058. Calculate j(-18).
-4
Let z(c) = 11 - 10 - c - 5 + 2*c + 0*c. Let y(h) = 2*h + 14. Let p be y(-6). Suppose -p*g - 20 = -5*q, 8*g - 3*g = -q + 4. Calculate z(q).
0
Let p be (6 - -1)/1*-1. Let m(z) = -2 - 9*z + 32*z**2 - 2 - 33*z**2 + 0 + 0. Calculate m(p).
10
Let a(s) = 8*s**3 + 3*s**2 + 6*s - 7. Let y(o) = 7*o**3 + 2*o**2 + 6*o - 7. Let n = 350 + -344. Let c(u) = n*a(u) - 7*y(u). Calculate c(3).
-2
Let a(n) = -n**2 + 0 + 4 - 1 + 5*n**2 - n**3. Let t(q) = -39*q - 16. Let s be t(-5). Let g = -175 + s. Determine a(g).
3
Let o be (2 - (2 - 0))/(7 - 4). Suppose o = -h + 5*l + 17, -h - 1 = 6*l - 5*l. Let n(w) = 52 - 31 - 27 - h*w. Give n(-4).
2
Let n = -2219 + 2225. Let b(j) = -8 + 1 - 1 - j. Give b(n).
-14
Suppose -5*v + 4*x = -32, 0 = 16*v - 17*v + 3*x + 13. Let d(n) = 8*n**2 - 6*n + 6. Calculate d(v).
110
Suppose -2*c - 4*i = -25 + 43, 2*c - 3*i + 25 = 0. Let l(s) = 14*s + 144. Calculate l(c).
-10
Let i(z) = -2*z**2 + 14. Let g be i(3). Let n(x) = x**3 + 3*x**2 + 8*x + 4. Calculate n(g).
-44
Let b be ((-12)/18)/(4/(-378)*3). Suppose -5*o = -k + 17, 0 = 5*o + b - 1. Let h(c) = 4*c - 3. Calculate h(k).
-15
Let l(c) = 103*c + 168*c - c**2 - 273*c + 1. Calculate l(3).
-14
Suppose -10174*j + 102 = -10191*j. Let q(v) = -v**3 - 4*v**2 + 6*v - 15. What is q(j)?
21
Suppose -2*v - g - 18 = -46, 21 = v - 3*g. Let u(i) = 2*i + 21. Determine u(v).
51
Let n(r) = 9 + 18 + 70*r - 46 + 10 + 11. What is n(2)?
142
Let j(v) be the third derivative of -v**5/40 + 7*v**4/24 + 10*v**3/3 + 64*v**2. Let t(d) be the first derivative of j(d). Calculate t(5).
-8
Let k(f) = 2*f**3 - 25*f**2 + 23*f - 14. Let i(r) = r**3 - 13*r**2 + 12*r - 7. Let d(b) = -9*i(b) + 4*k(b). Suppose -56*x - 378 = -1274. Give d(x).
7
Let b(n) be the second derivative of -n**4/2 + n**2/2 - 4*n. Let o = 12 + -6. Let m be (-2)/o*-9*2/6. What is b(m)?
-5
Let a(f) = f**3 + 2*f + 1. Let z = -468 + 462. Let u be 5/((-30)/z) + -3. Give a(u).
-11
Let a(k) = -k**3 - 3*k**2 + k - 1. Let i be a(-3). Let j(l) be the third derivative of l**6/120 + l**5/10 + l**4/4 + 5*l**3/6 + 143*l**2. What is j(i)?
13
Let j(i) = -55*i + 75. Let s(w) = 64*w - 83. Let k(a) = 7*j(a) + 6*s(a). Determine k(27).
0
Let l = -305 + 308. Let u(c) be the second derivative of c**4/4 - c**3/6 - 7*c**2/2 - 9*c - 5. Determine u(l).
17
Let i(t) be the first derivative of -t**3/3 + 3*t**2 - 2*t + 4. Suppose -3*p + 10 = 10*v - 12*v, 2*v = 14. Determine i(p).
-18
Let p(w) = -37*w + 38*w + 59 - 44. What is p(-4)?
11
Let f(g) = 4*g**2 + 6*g + 6. Suppose -m - 23 + 14 = -2*c, -c = 5*m + 1. What is f(m)?
4
Let q be (-2)/1 - (-1 - -4 - 20). Let l(g) = -28*g + 3*g**3 + 1 + 14*g - 4*g**3 + q*g - g**2. Give l(0).
1
Let x(k) = k**3 - 9*k**2 + 8*k + 4. Let d be x(8). Let l(m) = -6 + 1 - 2*m**2 - m**3 + d - 52*m + 51*m. Let z be l(-1). Let n(o) = 3*o**2 - o. Calculate n(z).
4
Suppose 0*h + 615 = -5*h. Let a = h + 201. Suppose 0*u + 13*u = a. Let q(d) = d**3 - 7*d**2 + 6*d - 8. Determine q(u).
-8
Let t be (-48)/(-3*4/(-8)). Let s be t/6 - (-5)/15. Let c(l) = -l - 4. Let h(b) = 2*b + 5. Let x(n) = -5*c(n) - 3*h(n). Give x(s).
10
Let s(i) = -i + 4. Let m(r) = r**2 - 17*r + 65. Let p be m(12). Suppose -5*h + p*x = 2*x - 44, -4*x - 19 = -h. Give s(h).
-3
Suppose -3*y + 13 + 28 = -5*a, 3*a = 6. Let b(q) = -236*q - y + 470*q - 231*q. Give b(7).
4
Let p(b) = 1801 - 5398 - 3*b + 1798 + 12*b + 1797. Suppose 0 = -4*i + 2*i + 2. Give p(i).
7
Suppose -5*h = 5, 366*y - 2 = 369*y - 4*h. Let c(v) = 40*v + 84. Calculate c(y).
4
Suppose -380 - 212 = 74*o. Let u(v) = v + 24. Give u(o).
16
Let n(i) be the first derivative of -6*i - 1/2*i**2 + 101 - 1/3*i**3. Suppose 2*r - 8 = -2*a, 12 = 2*a + 4*r - 4. Determine n(a).
-6
Let i(h) be the first derivative of -h**4/4 - 2*h**3/3 - 9*h**2/2 + 18*h + 8712. Give i(3).
-54
Let v(i) = -i**2 + 2*i - 1. Let w be v(-3). Let m(s) = -4492*s**2 + s**3 + 3 - 1 + 3 + 4507*s**2 - 1 - 16*s. Determine m(w).
4
Let u = 754 - 752. Suppose -2*h = -2*m + 7*m + 24, -3*h - u = -m. Let o(y) = -y**2 - 9*y - 6. What is o(m)?
14
Let a(h) = 12*h - 3*h + 1378 + 56*h**2 - 1404 - 57*h**2. What is a(6)?
-8
Let r(f) = -2*f**2 + 2*f + 2. Suppose -4*o - 76 = -4*u, u + 3*u = o + 73. Let s be (6*1)/(u/12). Give r(s).
-22
Let q = 7431 + -7445. Let k(y) = y**3 + 13*y**2 - 14*y + 15. Calculate k(q).
15
Let c(j) = j**3 - 7*j**2 + 5*j - 7. Let v(q) = -q**3 + 7*q**2 - 9*q + 13. Let g be v(4). Suppose -g*o + 40 = -110. Give c(o).
-13
Let p(z) = 8*z + 49. Suppose -8 = -2*f, -3*f - f = 2*c - 2. What is p(c)?
-7
Let p(j) = j**3 + 3*j**2 - 3*j - 3. Suppose 5*g = -4*d + 63, 0*d + 69 = 5*d + 3*g. Suppose -d = 3*s - 3*a, -a - 28 = 8*s + 4. What is p(s)?
-7
Let s(v) = 5*v**2 - 4*v - 1. Let l(r) = 17*r**2 - 24*r + 2. Let u(n) = -l(n) + 4*s(n). Calculate u(-4).
10
Let k(q) = 6 + 7*q + 7